 1 + -2 + 0)/((-167)/334)?
1
Let k(z) = -11*z - 281. Let o(l) = 4*l + 94. Let v(g) = -6*k(g) - 17*o(g). Let m be v(0). Suppose 13*i - m = 9*i. What is the tens digit of i?
2
Let z(w) = -w**2 + 21*w + 28. Suppose -n = -4*r + 76, 3*r - 124 = n - 50. Let i = n + 82. What is the hundreds digit of z(i)?
1
Suppose 0 = 123*z + 62*z - 6811700. What is the thousands digit of z?
6
Let p(f) = -f**2 - 10*f - 21. Let v be p(9). Let n = -276 - v. Let z = -19 - n. What is the units digit of z?
5
Let m be 6 + 4*(4 - 5). Suppose -m*c = -3*t + 9, -10*t = -6*t + c - 1. What is the units digit of ((-35)/(-35))/((-36)/37 + t)?
7
Suppose 0 = -2*w - 10, -w + 271 = -g - 82. Let k = 834 + g. What is the units digit of k?
6
Let w(x) = 29*x**2 - 137*x + 6. What is the units digit of w(17)?
8
Let k(r) = -21*r + 2. Let i be k(1). Let q = i + 28. Suppose -1092 = -15*z + q*z. What is the hundreds digit of z?
1
What is the units digit of -2 - (6/22 - 70249/11)?
4
Let l(n) = 6*n**2 - n + 197. Let v = 124 - 124. What is the hundreds digit of l(v)?
1
Let f(c) = -72699*c + 302. What is the hundreds digit of f(-1)?
0
Let f = 1258 + 446. Suppose -2*i + 354 + 332 = g, f = 5*i - 3*g. What is the tens digit of i?
4
Let k(z) = -14*z + 26*z + 2*z**2 - 11 - 6*z. Let f(q) = -q**3 + 11*q**2 + q - 6. Let x be f(11). What is the units digit of k(x)?
9
Suppose -51 + 14 = -3*g + s, 4*g - 56 = 3*s. Suppose -3*j = -a + g, -3*a + a = j - 8. What is the tens digit of (26/(-3))/(j/(-18)*-3)?
2
Let b be (((-2)/2)/1)/((-29)/87). Suppose b*v - 241 = 167. What is the units digit of v?
6
Let z = 13038 + 11237. What is the ten thousands digit of z?
2
Suppose 79*r = 82*r. What is the units digit of (-404 + -29)/(-1 - r)?
3
Let q = 16 - 1. Let z(i) = i**2 - 17*i + 32. Let h be z(q). Suppose 4*w = l + 88, 5*w + h*l - 31 = 4*w. What is the tens digit of w?
2
Let m = -106 - -166. Suppose -16*t + 10*t = m. Let h(s) = s**2 + 10*s + 8. What is the units digit of h(t)?
8
Let l(n) = -n**3 + 15*n**2 - 22*n - 48. Let o be l(13). Suppose -1751 = -o*v + 2729. What is the hundreds digit of v?
1
Suppose -5*o + 24 = o. Suppose -w = 5*j + w - 262, -2*w = -2. Suppose 60 = o*x - j. What is the units digit of x?
8
Suppose 225*b - 997120 = 2116430. What is the ten thousands digit of b?
1
Let c(j) = 6378*j**3 + j**2 - 3*j + 2. What is the thousands digit of c(1)?
6
Let k(l) = -8 + 3*l**2 + 4 - 2 - 3 + 8*l. Let g be k(5). Suppose -5*h + 164 = -g. What is the tens digit of h?
5
Let b(z) = -2*z**2 - 2*z - 1. Let q be b(-5). Let c = -39 - q. Suppose 0 = 3*u - c*f - 251, 4*f + 0*f + 77 = u. What is the units digit of u?
5
Suppose 92*x - 114949 = 104747. What is the thousands digit of x?
2
Let w = 280 - 288. What is the tens digit of 14539/(-124)*w/(-6)*-3?
6
Let h be (1*-1275)/3*(-6)/15. Suppose 18*y + h = 19*y. What is the units digit of y?
0
Let f(s) = 4*s**3 - 14*s**2 + 17*s + 50. What is the tens digit of f(12)?
5
Suppose -142326 + 336816 + 197510 = 32*r. What is the tens digit of r?
5
Let r be (-6)/(-10) - 42/(-30). Suppose -2*p = 2*w - 235 - 431, -4*w - r*p = -1336. Suppose -17*u + w = -12*u. What is the units digit of u?
7
Suppose -2 = 2*c, -4*p + 39 = 3*c - 6*c. Suppose p*d = 34*d - 14275. What is the tens digit of d?
7
Let k(w) be the third derivative of -105*w**4/4 + w**3/3 - 2*w**2 + 32*w. What is the units digit of k(-1)?
2
Let a(q) = 2*q + 12. Let w be ((-3)/(-2))/(9/(-18)). Let s be a(w). Suppose 2*f - 28 = -3*m + 83, -s = 2*m. What is the units digit of f?
0
Let k(w) = 36*w**2 + 143*w - 2765. What is the tens digit of k(17)?
7
Let k be 12/(-10)*440/6. Let a = -82 - k. What is the hundreds digit of 632/a - ((-92)/12 + 7)?
1
Suppose 4*a - 25 = 5*i, -3*a = 2*i + 1 + 9. Suppose -6173 = -5*r - 3*s - 913, a = r - 3*s - 1070. What is the units digit of r?
5
Let v be 2/5 + (-92482)/130. Let t = v - -1360. What is the tens digit of t?
4
Let m be 2/11 + 1941/33. Let t be (1 - -12) + (-3)/(-9)*6. What is the units digit of m - (-7 + t/5)?
3
Let u(b) = -b**3 + 5*b**2 - b - 2. Let p be u(3). Suppose -p*w - 29730 = -28*w. What is the units digit of w?
2
Let t(l) be the second derivative of -l**5/20 - l**4/12 + 5*l**3/6 + 238*l**2 + 2*l + 47. What is the tens digit of t(0)?
7
Suppose -w - 6 = 3*i + 1, 0 = -5*i - 4*w. What is the units digit of (3/(-12) - 5)*i?
1
Suppose -2*z + 33 + 163 = 0. Let b = -57 + z. Suppose -38*l - 444 = -b*l. What is the tens digit of l?
4
Suppose -5*r = -2*k, r = -r + 5*k + 21. Let b(a) = -a**3 + 13*a**2 + 15*a - 3. Let w be b(13). What is the hundreds digit of 0 + 0 + w - r?
1
Let z = 89 - 95. What is the units digit of z + 77/7 + 71?
6
What is the tens digit of (10/(-8) - 6/(-24)) + -1 + 1018?
1
Suppose 45*j - 46*j = 0. Suppose -34*p + 30292 + 512 = j. What is the units digit of p?
6
Let w(r) be the second derivative of -r**5/10 - r**4/3 + 7*r**2/2 - 123*r. Let n(s) = -2*s**2 - 2*s + 1. Let y be n(-2). What is the units digit of w(y)?
5
What is the thousands digit of (-605 - 1)*(70/(-17) + (-2)/(-17))?
2
Let g = -15949 + 24854. What is the tens digit of g?
0
Suppose -4*p - 32354 = -3*a, -5*a + 8*p = 3*p - 53920. Suppose 23*i = 5*i + a. What is the units digit of i?
9
Let i(j) = -j**3 + 3*j**2 - 2*j + 1. Let f be i(2). What is the units digit of (f + 3 - 840/(-75))*35?
2
Suppose -2*m + v + 6522 = -2*v, -4*v + 3250 = m. What is the tens digit of m?
5
Let s(q) = 4*q + 29. Let y be s(-8). Let u be -15*8/36*y. Let i(d) = -d**3 + 9*d**2 + 19*d + 10. What is the hundreds digit of i(u)?
1
Let j = -62 - -121. Suppose 4*f - j = -3*b, -3*f - 23 + 68 = 3*b. Suppose -2*p = -4*p + f. What is the units digit of p?
7
Let r = 17573 + -8816. What is the tens digit of r?
5
Let h = -58 + 60. Suppose 0 = 5*z + h*z - 504. Suppose -j + z = -76. What is the units digit of j?
8
Let k(a) = 151*a**2 - 192*a + 2477. What is the thousands digit of k(12)?
1
Suppose 3*p - 4854 = -4*l + 5578, -2*l = 4*p - 13926. Suppose -19*s + 6*s = -p. What is the hundreds digit of s?
2
Suppose -26 = -5*v + 14. Let y(w) = 26*w + 211. Let s be y(-8). Suppose 120 = v*m - s*m. What is the tens digit of m?
2
Let n = 477 - 396. Suppose v - 5*t = 10, -3*t = 5*v - 0*t - 162. Suppose 2*h + 2*d = -0*d + v, 0 = 5*h - d - n. What is the tens digit of h?
1
Suppose -135*c = -143*c + 6424. Suppose 4456 = 4*u - 4*a, 0 = -2*u - a + c + 1431. What is the units digit of u?
6
Suppose 4*r - 18 = -3*u, 0 = -2*u - r + 6 + 6. Suppose 2*q - 195 = p, -7*q + 115 = -u*q - 4*p. What is the tens digit of q?
9
Suppose -s - 9*s = 59502 - 207342. What is the thousands digit of s?
4
Let i(y) = 4*y + 37. Let a be i(-8). Suppose a = 3*n - 1. Suppose 31 = n*t + 5. What is the tens digit of t?
1
Suppose -19*v - 45220 = -211926. What is the tens digit of v?
7
Let o = 38 - 57. Let n = -16 - o. Let k(g) = 6*g + 2. What is the units digit of k(n)?
0
Let t(k) = 8*k**2 - 4*k + 13. Let x be t(-4). Suppose 2*u - x = -3*q, 41 = q - 4*u - u. Let g = q + -20. What is the units digit of g?
1
Let d be (-2 - -10)*(-6)/8. Let l(f) be the third derivative of -f**6/120 + f**5/60 + 5*f**4/8 + 11*f**3/6 - 392*f**2. What is the hundreds digit of l(d)?
1
Suppose 47*z - 3171840 = -41*z + 4*z. What is the units digit of z?
0
Let p(g) = -28*g**3 + 2*g**2 + 3*g + 3. Let v be p(-2). Let a = v + -64. What is the tens digit of (a/30)/((-1)/(-16))?
8
Let y(t) = t**2 - 18*t + 149. Let s be y(0). Suppose 265 = 4*i - 3*u + 2*u, 5*u = -2*i + s. What is the tens digit of i?
6
Suppose 108*k - 24*k - 1956051 + 278739 = 0. What is the ten thousands digit of k?
1
Let v(o) = 2588*o + 646. What is the tens digit of v(6)?
7
Suppose 4*o - 2*u + 5*u - 21 = 0, 4*o - 4*u = 0. Suppose y + l - 39 + 2 = 0, -5*y = -o*l - 145. What is the tens digit of (14/3)/(y/336)?
4
Let u(x) = -x**3 - 12*x**2 - 19*x - 11. Let m be u(-13). Let y = 613 - m. What is the hundreds digit of y?
2
Suppose 4*h = 296 + 5216. Suppose -5*j + h = -207. What is the tens digit of j?
1
Suppose 0 = 4*j + 1417 + 791. Let g = -327 - j. What is the hundreds digit of g?
2
Let r(p) = 141*p + 741. What is the units digit of r(24)?
5
Let k(g) = 3*g**3 + 14*g**2 + g. Let h(l) = 4*l**3 + 15*l**2 + l. Let o(b) = -2*h(b) + 3*k(b). What is the hundreds digit of o(-9)?
2
Let b = 2319 + -371. What is the tens digit of b?
4
Let a = 61 - 54. Suppose 5*b - 4*u = 41, -2*u = -